00 and 50700.
300
Calculate the greatest common factor of 2541 and 19657.
11
What is the greatest common divisor of 158858 and 3430?
98
Calculate the highest common divisor of 356 and 46.
2
Calculate the greatest common factor of 1003 and 5074.
59
Calculate the greatest common factor of 44 and 234608.
44
Calculate the highest common factor of 516697 and 1643.
53
What is the greatest common divisor of 60612 and 72?
12
Calculate the highest common divisor of 42107 and 6929.
533
What is the highest common factor of 37 and 57313?
37
What is the highest common divisor of 603 and 47235?
201
Calculate the highest common divisor of 448 and 3682.
14
What is the greatest common factor of 102 and 1635?
3
Calculate the greatest common divisor of 1810 and 760.
10
What is the greatest common divisor of 1333 and 8944?
43
What is the greatest common factor of 8440 and 235?
5
What is the greatest common divisor of 94800 and 10200?
600
Calculate the greatest common divisor of 418 and 6424.
22
Calculate the highest common divisor of 924 and 5649.
21
Calculate the highest common factor of 43265 and 136.
17
What is the greatest common factor of 54 and 83403?
27
What is the highest common divisor of 297 and 221463?
99
What is the highest common factor of 3825802 and 38?
38
What is the greatest common factor of 170 and 174210?
10
Calculate the greatest common divisor of 104559 and 1365.
273
What is the greatest common factor of 58 and 517853?
29
Calculate the greatest common divisor of 2681 and 218693.
383
What is the greatest common factor of 12 and 22758?
6
Calculate the greatest common divisor of 236 and 247328.
236
What is the greatest common divisor of 27195 and 23865?
555
What is the highest common factor of 38 and 8927112?
38
What is the greatest common factor of 36582 and 1365?
273
What is the greatest common factor of 1968 and 65976?
24
Calculate the highest common divisor of 408 and 144024.
408
What is the greatest common divisor of 39424 and 484?
44
Calculate the greatest common factor of 17316 and 3034.
74
What is the highest common divisor of 79178 and 826?
118
Calculate the greatest common divisor of 2574 and 35838.
198
What is the highest common divisor of 4109 and 1445194?
587
Calculate the highest common divisor of 5194 and 38024.
98
What is the highest common divisor of 19568 and 6224?
16
What is the highest common factor of 1092 and 6847932?
1092
Calculate the greatest common divisor of 205573 and 7677.
853
What is the greatest common factor of 177 and 14101?
59
Calculate the highest common factor of 48 and 344496.
48
What is the highest common factor of 9797 and 154833?
101
What is the greatest common factor of 447 and 99681?
447
What is the highest common factor of 1464 and 29097?
183
What is the highest common divisor of 333 and 134199?
333
What is the greatest common factor of 24544 and 312?
104
Calculate the greatest common factor of 459 and 119.
17
Calculate the greatest common divisor of 38599 and 1189.
29
Calculate the greatest common factor of 231767 and 227.
227
What is the highest common factor of 9 and 8531226?
9
Calculate the greatest common divisor of 256261 and 183.
61
Calculate the greatest common divisor of 2853 and 414.
9
Calculate the highest common factor of 1219 and 1725.
23
Calculate the greatest common factor of 404 and 764.
4
Calculate the greatest common factor of 20332 and 19320.
92
Calculate the greatest common divisor of 15152 and 208.
16
Calculate the greatest common factor of 449091 and 27.
27
What is the highest common factor of 58406 and 1272?
106
Calculate the highest common divisor of 286 and 487201.
143
Calculate the greatest common factor of 11492 and 544.
68
Calculate the greatest common divisor of 62379 and 15296.
239
What is the highest common factor of 11361 and 903?
21
What is the greatest common divisor of 1 and 9769?
1
What is the greatest common divisor of 97866 and 54?
18
Calculate the highest common factor of 184 and 2967.
23
Calculate the highest common factor of 324 and 42192.
36
Calculate the highest common divisor of 5364 and 108.
36
Calculate the greatest common divisor of 874 and 573781.
437
What is the greatest common divisor of 13248 and 529?
23
Calculate the greatest common divisor of 232 and 19546.
58
Calculate the highest common divisor of 1166 and 3286.
106
What is the greatest common factor of 329 and 105609?
329
What is the highest common divisor of 128250 and 342?
342
Calculate the highest common factor of 7408 and 25616.
16
What is the highest common factor of 190 and 116432?
38
What is the greatest common factor of 276 and 157044?
276
What is the greatest common divisor of 35 and 19138?
7
Calculate the highest common divisor of 17 and 80291.
17
Calculate the highest common factor of 19248 and 912.
48
Calculate the highest common factor of 118 and 3562.
2
Calculate the highest common factor of 121 and 42944.
11
What is the greatest common factor of 1833 and 12549?
141
Calculate the greatest common divisor of 123200 and 360.
40
Calculate the greatest common factor of 218 and 6658.
2
Calculate the greatest common factor of 8175 and 1200.
75
Calculate the highest common divisor of 41303 and 9785.
103
What is the highest common divisor of 260 and 946348?
52
What is the highest common factor of 452 and 39204?
4
Calculate the greatest common factor of 105 and 1104460.
35
What is the greatest common divisor of 10155 and 885?
15
Calculate the highest common divisor of 7910 and 6720.
70
What is the greatest common divisor of 1760971 and 2495?
499
What is the greatest common factor of 168 and 87900?
12
Calculate the greatest common divisor of 4332 and 2724.
12
What is the highest common factor of 134775 and 2025?
225
What is the highest common factor of 80 and 46160?
80
What is the highest common factor of 1272 and 61586?
106
What is the highest common divisor of 637 and 457093?
91
Calculate the greatest common divisor of 693 and 5622771.
231
What is the highest common factor of 73990 and 70?
70
What is the greatest common factor of 246 and 67076?
82
Calculate the highest common divisor of 1210 and 3526545.
605
Calculate the greatest common factor of 3179 and 4913.
289
Calculate the highest common factor of 246270 and 630.
30
What is the highest common divisor of 4322615 and 55?
55
Calculate the greatest common factor of 15813 and 105.
21
Calculate the greatest common factor of 258 and 382614.
258
Calculate the highest common divisor of 66147 and 391.
17
What is the highest common divisor of 242690 and 70?
70
Calculate the highest common divisor of 2299 and 1210.
121
Calculate the greatest common factor of 20112 and 296.
8
Calculate the greatest common divisor of 1355180 and 160.
20
Calculate the greatest common factor of 2842 and 16066.
58
Calculate the highest common divisor of 92 and 10984.
4
Calculate the highest common divisor of 783211 and 44.
11
Calculate the highest common divisor of 40275 and 358.
179
Calculate the highest common divisor of 76319 and 1371.
457
Calculate the highest common factor of 7438167 and 198.
99
What is the highest common divisor of 7616 and 56644?
476
What is the highest common divisor of 18923 and 381?
127
Calculate the greatest common divisor of 3807 and 35559.
81
What is the greatest common divisor of 2654 and 898379?
1327
What is the highest common divisor of 392 and 4424?
56
Calculate the greatest common divisor of 123297 and 14075.
563
Calculate the greatest common factor of 22 and 7517873.
11
Calculate the greatest common factor of 160 and 217800.
40
Calculate the greatest common divisor of 99 and 3195.
9
What is the greatest common factor of 603 and 9999?
9
Calculate the greatest common factor of 3249693 and 621.
621
Calculate the greatest common divisor of 12055 and 105.
5
Calculate the highest common factor of 94 and 473149.
47
Calculate the greatest common factor of 21979 and 837.
31
Calculate the greatest common divisor of 736618 and 388.
194
What is the greatest common divisor of 316508 and 134?
134
Calculate the highest common factor of 76032 and 594.
594
What is the highest common factor of 149454 and 108?
18
What is the greatest common divisor of 78543 and 189?
27
Calculate the highest common divisor of 81 and 37017.
81
What is the highest com